et p be ((n - 2) + 2)*0. Suppose p = -2*m + 2 + 2. Calculate the remainder when 5 is divided by m.
1
Suppose -2*r + r = -130. What is the remainder when r is divided by 33?
31
Let r = -29 + 46. What is the remainder when 134 is divided by r?
15
Let y(c) = -5*c + 17. Calculate the remainder when 0 - (1 + 32)/(-1) is divided by y(0).
16
Suppose 45 = -17*u + 18*u. Calculate the remainder when 86 is divided by u.
41
Suppose 4*g + 167 = 5*u, -4*u - 19 + 158 = -5*g. Calculate the remainder when 118 is divided by u.
25
Suppose -50 = -5*y + 3*i, 2*i = 2*y + y - 31. Let q = -23 + 26. Suppose 2*f - q = 5. What is the remainder when y is divided by f?
3
Let z = -46 + 50. What is the remainder when 4 is divided by z?
0
Let d = -11 + -5. Let m = d - -30. Calculate the remainder when 53 is divided by m.
11
Let k(u) = -16*u - 15. What is the remainder when k(-6) is divided by 14?
11
Calculate the remainder when 29 - (3 - (-1 - -4)) is divided by 16.
13
What is the remainder when 16 is divided by (4 - 2) + 11 - 3?
6
Let j = -21 - -93. Suppose 21 + j = k. Suppose -3*w + 84 = -k. What is the remainder when w is divided by 20?
19
Suppose -25 = 5*g, -4*b + 4*g + 40 = -44. Let k = b + -10. Suppose 2*t - 3*v + 8 = 0, -5*v + v = -5*t - k. Calculate the remainder when 4 is divided by t.
0
Let d be (1 + -1)/(0 + 1 + 0). Let h(r) = -5*r**2 - 40. Let z(l) = 2*l**2 + 13. Let j(m) = -3*h(m) - 8*z(m). Calculate the remainder when j(d) is divided by 9.
7
Suppose o - 8 = -2*s, -5*s + 28 = 3*o + 3. Let n = -49 - -64. Calculate the remainder when n is divided by (16/o)/((-3)/(-15)).
7
Let h(z) = z**3 + 5*z**2 - z - 5. Let c be h(-5). Suppose c = -3*u - u + 8. Calculate the remainder when 7 is divided by u.
1
Suppose 93 = 10*l - 237. Calculate the remainder when 128 is divided by l.
29
Let v = 11 - -11. Suppose 2*n - 18 - v = 0. Let k(m) = 3*m**2 - 2*m + 3. Calculate the remainder when n is divided by k(2).
9
Let g = -64 + -38. Let f = -68 - g. Suppose -2*u = -6 - f. What is the remainder when 58 is divided by u?
18
Let n(u) = -2*u - 10. Let a be n(-7). Let y = 6 - a. Suppose -2*v - l = -13, 3*v + 0*l = y*l + 37. What is the remainder when 34 is divided by v?
7
Let y = -19 + 41. Suppose -3*d + d = -y. Calculate the remainder when d is divided by 4.
3
Let n = -1 + 6. Let j = 3 + n. What is the remainder when 23 is divided by j?
7
Let l(k) be the first derivative of -19*k**2/2 + k + 5. Suppose -2*j = 2*j - 2*f - 146, 4*f = 4*j - 140. What is the remainder when j is divided by l(-1)?
18
Suppose 2*t + 4 = 3*t. What is the remainder when 7 is divided by t?
3
Suppose 4*t = -0*t + 540. Suppose 2*c + c = t. What is the remainder when c is divided by 12?
9
Let b = -76 + 206. What is the remainder when b is divided by 27?
22
Let d be -8 - -9 - (-52)/2. Let l = d - 6. What is the remainder when l is divided by 11?
10
Suppose -6*h = 2*h - 272. What is the remainder when h is divided by 18?
16
Let v = -7 - -19. Calculate the remainder when 8/v - (-578)/6 is divided by 25.
22
Let x(q) = q**2 + 2*q + 18. Calculate the remainder when x(-6) is divided by 22.
20
Let j = -252 + 358. Let h be ((-1)/2*j)/(-1). Suppose 0*m = -m + 3*x + h, -x + 45 = m. Calculate the remainder when m is divided by 16.
15
Let n(g) = 20*g**2 - g - 1. What is the remainder when 77 is divided by n(-1)?
17
Let v = -2 - -25. What is the remainder when v is divided by 12?
11
Let z = -139 + 170. Suppose 0*l + 5*l - 40 = 0. What is the remainder when z is divided by l?
7
Suppose 2*r - 2*g + 5*g = 35, -2*r + 5*g + 11 = 0. Let j be 6/15 + r/5. Suppose -2*l = -3*k - 7, -j*k + 3 = -6. What is the remainder when 15 is divided by l?
7
Suppose -10 = -o + q - 3, -5 = 5*q. Suppose -7 = -o*a + 5*a. Calculate the remainder when 18 is divided by a.
4
Suppose z + z = 56. Let t(a) = a + 3. Let y be t(-5). What is the remainder when (y/4)/((-2)/z) is divided by 3?
1
Suppose -4*h + 84 = -n, 3*n - 28 = -2*h + 28. Calculate the remainder when 87 is divided by h.
21
Let a(y) = -5*y - 3. Let m be 3 + (114/3)/2. Suppose -3*z + 5*d - 3 + m = 0, 5*z + d = 13. What is the remainder when a(-2) is divided by z?
1
Calculate the remainder when 976/48 + 4/6 is divided by 11.
10
Suppose -8 = -s - 2*t, 4*s - 29 - 12 = -5*t. Calculate the remainder when s is divided by 8.
6
Let z(p) = p**3 - 13*p**2 + 28. Calculate the remainder when 107 is divided by z(13).
23
Let z be (3/(-9))/(2/(-42)). Suppose 0 = b - 0 - z. Suppose -5*m = -2*j - 0*j - b, -4 = -j. Calculate the remainder when m is divided by 2.
1
Let w(z) = 12*z**2 - 1. Let b(a) = -a**2 - 12*a - 7. Calculate the remainder when b(-9) is divided by w(-1).
9
Suppose t = -5 + 4. Let a be (2/(-4))/(2/(-8)). Let u = a - t. Calculate the remainder when 5 is divided by u.
2
Suppose 2*b = -u + 23, 0*b = 5*u - 2*b - 55. What is the remainder when u is divided by 4?
1
Suppose g - 3*v = 168, 5*v + 63 + 105 = g. Suppose -i + f + 158 = 2*i, -3*i + 3*f = -g. Calculate the remainder when i is divided by 14.
9
Let d = 125 + -113. Calculate the remainder when 45 is divided by d.
9
Suppose 3*z = -2*z + 75. Suppose -3*m - 9 = z. What is the remainder when 37 is divided by (13/(-4))/(2/m)?
11
Let o(l) = 11*l**2 - 1. Suppose x + 1 = -2, 5*x = -3*z - 18. Let c(m) = m**3 + 3*m**2 - 5*m. What is the remainder when o(z) is divided by c(-4)?
2
Let i be 2 - -6*(-6)/(-9). Suppose i*q - 16 = 2*q. Calculate the remainder when 21 is divided by q/8*22/1.
10
Calculate the remainder when (3 + -103)*(-2)/5 is divided by 11.
7
Let g be 4/6 - (-141)/(-9). Let d(a) = -a**3 - 4. Let s be d(0). Let p = s - g. What is the remainder when 32 is divided by p?
10
Suppose -2*v + 4 + 0 = -2*a, 5*a + v - 14 = 0. Suppose -a*y + 7*y - 25 = 0. Calculate the remainder when 13 is divided by y.
3
Suppose -6*f = -268 + 46. Calculate the remainder when f is divided by 20.
17
Let v = -25 + 148. Calculate the remainder when v is divided by 42.
39
Let r(b) = -b**3 + 7*b**2 + 10*b - 11. Let n be ((-2)/(-5))/((-4)/60). Let x = n - -9. What is the remainder when r(8) is divided by x?
2
Let r = 0 - -10. Let c = -5 + r. Calculate the remainder when (c - 1)*(-4)/(-1) is divided by 6.
4
Let h be ((-3)/(-6) - 1)*-2. Let s = 8 + h. What is the remainder when 26 is divided by s?
8
Suppose -3*v + 0*o - 4*o = -313, -2*o + 208 = 2*v. Calculate the remainder when v is divided by 27.
22
What is the remainder when 14/(-28) - 54/(-4) is divided by 5?
3
Let b(w) = w**3 + 13*w**2 + 19*w - 22. What is the remainder when 636/20 + 2/10 is divided by b(-11)?
10
Calculate the remainder when 195 is divided by 1/(4/20) + 6.
8
Suppose -33 + 123 = 6*o. Let g(v) = 5*v - 1. Calculate the remainder when o is divided by g(1).
3
Let f(o) be the third derivative of 1/3*o**3 + 1/60*o**5 + o**2 + 0 + 0*o - 5/12*o**4. Calculate the remainder when 38 is divided by f(11).
12
Let t = 4 + 11. Calculate the remainder when 41 is divided by t.
11
Let m be 5*(-1)/(-10)*-2. Calculate the remainder when (m - (2 + -2))*-36 is divided by 1 + 1 - (-11 + 0).
10
Let a = 0 + 3. Let d = a - 1. Let o = -1 + d. What is the remainder when 1 is divided by o?
0
Suppose -4*v = -2 - 42. Let h(z) = 8*z**2 + z - 3. What is the remainder when h(2) is divided by v?
9
Let p(x) = 8*x**2 + x + 7. Let j(r) = r**2 + r. Let m(c) = -6*j(c) + p(c). Calculate the remainder when m(6) is divided by (-3)/(3/(-11)) + 2.
10
Suppose 0*p = -5*p + 135. Calculate the remainder when p is divided by 6.
3
Let z = 54 - 22. Suppose -3*q + 4*j = -23, 4*q + 3*j - 18 = 2*j. Suppose q*l - 59 = -4. Calculate the remainder when z is divided by l.
10
Let z(q) = -5*q - 2. Let n(k) = -6*k - 2. Let x(g) = -4*n(g) + 5*z(g). Let d(u) = -u**3 + 2*u**2 + 5*u - 3. What is the remainder when x(-7) is divided by d(3)?
2
Suppose -6*a + 76 = 10. Calculate the remainder when a is divided by 7.
4
Calculate the remainder when (-955)/(-40) - 1/(-8) is divided by 7.
3
Let g = 57 + -47. What is the remainder when g is divided by 4?
2
Suppose -18 - 2 = -4*k. Suppose -2*n = 0, -4*n = -k*y + 28 + 37. Suppose 0 = 5*m + 3 - y. What is the remainder when 4 is divided by m?
0
Let p = 73 + -3. What is the remainder when p is divided by 12?
10
Let r(d) = -6*d**3 + 1 + 4*d**2 + 5*d**3 - 6*d**2 + 3*d. Let s be r(-3). Let f = 9 + s. Calculate the remainder when f is divided by 4.
